.
81
What is the greatest common factor of 3416 and 73871?
427
Calculate the highest common factor of 450 and 41800.
50
What is the highest common divisor of 876 and 12?
12
Calculate the greatest common divisor of 378 and 4487.
7
What is the highest common factor of 6940 and 1080?
20
What is the greatest common divisor of 65863 and 14?
7
What is the highest common factor of 35 and 303541?
7
Calculate the highest common divisor of 11682 and 378072.
1062
What is the greatest common factor of 393304 and 27028?
932
What is the highest common factor of 19294 and 370094?
1754
Calculate the highest common factor of 8382 and 17754.
66
Calculate the highest common divisor of 765 and 19210.
85
Calculate the highest common divisor of 6930 and 1092.
42
Calculate the highest common divisor of 68511 and 984.
123
What is the greatest common divisor of 14569 and 153?
17
Calculate the highest common factor of 959749 and 16366.
1169
Calculate the highest common factor of 113386 and 14014.
1274
What is the greatest common factor of 210 and 131955?
15
Calculate the greatest common divisor of 85 and 2866285.
85
Calculate the highest common divisor of 215131 and 7.
7
Calculate the greatest common divisor of 8219152 and 16.
16
What is the highest common factor of 2848 and 7387?
89
Calculate the highest common factor of 42164 and 1270.
254
Calculate the greatest common divisor of 530 and 7738.
106
Calculate the highest common divisor of 252 and 57484.
28
Calculate the greatest common divisor of 534384 and 144.
144
Calculate the highest common divisor of 9 and 33869.
1
Calculate the greatest common factor of 790565 and 25.
5
Calculate the highest common divisor of 9384 and 4301.
391
Calculate the highest common divisor of 512 and 857088.
512
What is the greatest common factor of 36 and 4052?
4
Calculate the greatest common factor of 1142875 and 1845.
205
What is the greatest common factor of 39 and 2355?
3
What is the greatest common divisor of 1121161 and 142?
71
What is the greatest common divisor of 80 and 99840?
80
Calculate the greatest common factor of 67 and 113.
1
What is the greatest common factor of 28 and 4625866?
14
What is the highest common divisor of 150 and 47895?
15
What is the greatest common divisor of 415 and 1878871?
83
Calculate the greatest common factor of 427 and 896.
7
Calculate the greatest common divisor of 23 and 469246.
23
What is the highest common divisor of 121 and 4890215?
121
What is the greatest common divisor of 384552 and 3087?
441
What is the greatest common factor of 12879 and 318?
159
What is the greatest common factor of 1065 and 6015?
15
What is the highest common divisor of 62 and 1881049?
31
What is the greatest common divisor of 367042 and 247?
247
What is the highest common factor of 14477 and 12609?
467
Calculate the greatest common factor of 136411 and 11.
11
What is the greatest common divisor of 1315 and 17165?
5
Calculate the greatest common factor of 80 and 3238.
2
Calculate the greatest common divisor of 834 and 68249.
139
Calculate the highest common factor of 16 and 97076.
4
What is the highest common divisor of 11960 and 58240?
520
What is the highest common factor of 35712 and 4185?
279
What is the highest common divisor of 325 and 32591?
13
What is the highest common divisor of 46431 and 154?
77
Calculate the greatest common divisor of 34597 and 1943.
29
Calculate the highest common factor of 31742 and 3894.
118
What is the highest common divisor of 6 and 8452?
2
What is the highest common factor of 84800 and 230?
10
What is the greatest common factor of 123899 and 57?
19
What is the greatest common divisor of 74476 and 172?
172
Calculate the greatest common divisor of 945 and 5805.
135
What is the highest common divisor of 101 and 2532474?
101
What is the highest common factor of 27 and 2542077?
27
What is the greatest common factor of 22 and 5584282?
22
Calculate the highest common factor of 18584 and 2576.
184
What is the highest common factor of 1939119 and 189?
21
Calculate the highest common factor of 59411 and 22.
11
What is the greatest common divisor of 1648 and 344?
8
Calculate the highest common factor of 4825 and 772.
193
Calculate the highest common divisor of 297567 and 15408.
963
What is the greatest common divisor of 128 and 392752?
16
Calculate the greatest common factor of 62863 and 259.
37
What is the greatest common factor of 11683 and 28?
7
What is the highest common factor of 273756 and 14?
14
What is the greatest common factor of 532 and 8540?
28
Calculate the highest common factor of 660 and 6468.
132
Calculate the greatest common divisor of 378201 and 3.
3
What is the highest common divisor of 184 and 944?
8
What is the greatest common divisor of 149 and 732931?
149
What is the highest common divisor of 1867942 and 753?
251
What is the greatest common factor of 23261 and 77?
7
Calculate the highest common divisor of 8079771 and 21.
21
Calculate the greatest common divisor of 816 and 9911.
17
Calculate the greatest common divisor of 11942 and 266.
14
What is the greatest common divisor of 11 and 351153?
11
What is the greatest common factor of 18202 and 30177?
479
Calculate the highest common factor of 40 and 130940.
20
Calculate the highest common divisor of 862 and 357730.
862
Calculate the greatest common divisor of 5868 and 468.
36
Calculate the highest common divisor of 20621 and 68.
17
Calculate the highest common divisor of 444 and 84.
12
Calculate the greatest common divisor of 28536 and 369.
123
Calculate the greatest common factor of 536 and 328.
8
What is the greatest common divisor of 11760 and 345?
15
Calculate the highest common factor of 252 and 403536.
84
Calculate the highest common divisor of 162 and 485892.
54
Calculate the highest common divisor of 1832 and 200.
8
What is the greatest common factor of 17664 and 1725?
69
What is the highest common factor of 28767 and 258?
129
Calculate the highest common factor of 5302 and 28710.
22
What is the greatest common divisor of 2795684 and 136?
68
Calculate the highest common factor of 7408 and 680.
8
Calculate the greatest common divisor of 726 and 20823.
33
What is the greatest common divisor of 2 and 235234?
2
Calculate the greatest common divisor of 544 and 9571.
17
What is the greatest common factor of 125628 and 348?
348
Calculate the highest common factor of 270204 and 308.
44
What is the greatest common factor of 4150 and 3250?
50
What is the highest common divisor of 2 and 7346?
2
What is the greatest common divisor of 994 and 100820?
142
What is the greatest common divisor of 8474 and 190?
38
Calculate the greatest common divisor of 208 and 156364.
52
Calculate the greatest common divisor of 650 and 139945.
65
What is the highest common factor of 2640 and 86160?
240
What is the greatest common factor of 356 and 74?
2
Calculate the greatest common factor of 186376 and 8.
8
What is the greatest common divisor of 827904 and 7546?
1078
Calculate the greatest common divisor of 146 and 959074.
146
Calculate the highest common divisor of 374300 and 900.
100
What is the highest common factor of 2085104 and 32?
16
What is the greatest common factor of 3601 and 26?
13
Calculate the highest common factor of 3828 and 1452.
132
What is the greatest common factor of 18 and 10344?
6
What is the greatest common factor of 63 and 13815?
9
Calculate the highest common factor of 8829 and 324.
81
What is the highest common factor of 43343 and 178?
89
Calculate the greatest common divisor of 14205 and 15.
15
Calculate the greatest common factor of 54240 and 5040.
240
What is the greatest common factor of 5634 and 3654?
18
What is the greatest common divisor of 1628 and 11693?
11
Calculate the highest common factor of 1300 and 92404.
52
Calculate the greatest common factor of 9384 and 840.
24
What is the greatest common factor of 1400 and 27048?
56
What is the greatest common factor of 1212 and 201?
3
What is the greatest common factor of 332 and 433094?
166
What is the greatest common factor of 75 and 7188?
3
Calculate the greatest common factor of 5518225 and 25.
25
Calculate the highest common factor of 41080 and 130.
130
Calculate the highest common factor of 48 and 567152.
16
Calculate the highest common divisor of 6492 and 270